 by 4.
0
Calculate the remainder when 7545 is divided by 28.
13
What is the remainder when 434249 is divided by 18?
17
What is the remainder when 1251713 is divided by 73630?
3
What is the remainder when 2162619 is divided by 1185?
1179
What is the remainder when 24519 is divided by 601?
479
Calculate the remainder when 2783 is divided by 918.
29
Calculate the remainder when 8123 is divided by 21.
17
Calculate the remainder when 269456 is divided by 104.
96
Calculate the remainder when 1081064 is divided by 137.
134
Calculate the remainder when 752537 is divided by 36.
29
Calculate the remainder when 2033 is divided by 474.
137
Calculate the remainder when 6739 is divided by 48.
19
What is the remainder when 424 is divided by 207?
10
Calculate the remainder when 246468 is divided by 18.
12
Calculate the remainder when 19899 is divided by 44.
11
Calculate the remainder when 8231 is divided by 61.
57
What is the remainder when 26176 is divided by 340?
336
What is the remainder when 820449 is divided by 22?
3
What is the remainder when 101071 is divided by 21?
19
What is the remainder when 1137566 is divided by 568769?
28
Calculate the remainder when 13756 is divided by 430.
426
Calculate the remainder when 9595 is divided by 85.
75
Calculate the remainder when 7224 is divided by 2398.
30
What is the remainder when 760 is divided by 269?
222
Calculate the remainder when 489 is divided by 64.
41
What is the remainder when 2924037 is divided by 24?
21
What is the remainder when 43784 is divided by 30?
14
What is the remainder when 57481 is divided by 217?
193
Calculate the remainder when 1186 is divided by 129.
25
Calculate the remainder when 160 is divided by 150.
10
What is the remainder when 63959 is divided by 927?
923
What is the remainder when 265898 is divided by 42?
38
Calculate the remainder when 3775 is divided by 439.
263
What is the remainder when 50783 is divided by 26?
5
Calculate the remainder when 73458 is divided by 4.
2
Calculate the remainder when 967 is divided by 87.
10
Calculate the remainder when 80339 is divided by 432.
419
Calculate the remainder when 88285 is divided by 31.
28
What is the remainder when 54603 is divided by 1133?
219
Calculate the remainder when 10123 is divided by 45.
43
Calculate the remainder when 36781 is divided by 121.
118
Calculate the remainder when 67030 is divided by 126.
124
What is the remainder when 873678 is divided by 326?
324
What is the remainder when 300202 is divided by 538?
536
Calculate the remainder when 8348 is divided by 2081.
24
What is the remainder when 45615 is divided by 5058?
93
What is the remainder when 846 is divided by 780?
66
Calculate the remainder when 649 is divided by 386.
263
Calculate the remainder when 28153 is divided by 705.
658
What is the remainder when 7328 is divided by 19?
13
What is the remainder when 77479 is divided by 65?
64
Calculate the remainder when 502538 is divided by 141.
14
Calculate the remainder when 49114 is divided by 55.
54
What is the remainder when 282 is divided by 67?
14
Calculate the remainder when 38609 is divided by 3214.
41
Calculate the remainder when 276513 is divided by 45.
33
What is the remainder when 7135 is divided by 15?
10
Calculate the remainder when 2363 is divided by 55.
53
What is the remainder when 69914 is divided by 295?
294
Calculate the remainder when 32084 is divided by 5347.
2
Calculate the remainder when 10303 is divided by 56.
55
Calculate the remainder when 1133147 is divided by 87165.
2
What is the remainder when 45564 is divided by 11387?
16
Calculate the remainder when 15847 is divided by 283.
282
What is the remainder when 89921 is divided by 100?
21
What is the remainder when 10825 is divided by 886?
193
What is the remainder when 207779 is divided by 171?
14
What is the remainder when 547876 is divided by 22?
10
What is the remainder when 22509 is divided by 4452?
249
What is the remainder when 1677075 is divided by 27?
24
What is the remainder when 8498 is divided by 50?
48
What is the remainder when 1079 is divided by 187?
144
What is the remainder when 48422 is divided by 445?
362
Calculate the remainder when 211911 is divided by 46.
35
What is the remainder when 100433 is divided by 537?
14
Calculate the remainder when 217160 is divided by 257.
252
What is the remainder when 1636444 is divided by 8?
4
What is the remainder when 7388 is divided by 2450?
38
Calculate the remainder when 454580 is divided by 113642.
12
What is the remainder when 392559 is divided by 28?
27
What is the remainder when 148472 is divided by 117?
116
Calculate the remainder when 65398 is divided by 16.
6
What is the remainder when 890 is divided by 56?
50
What is the remainder when 77943 is divided by 83?
6
Calculate the remainder when 641179 is divided by 32.
27
What is the remainder when 764 is divided by 150?
14
What is the remainder when 23878 is divided by 70?
8
Calculate the remainder when 347 is divided by 25.
22
Calculate the remainder when 404475 is divided by 637.
617
What is the remainder when 13483 is divided by 588?
547
What is the remainder when 17811 is divided by 5?
1
What is the remainder when 12116 is divided by 2015?
26
What is the remainder when 7187 is divided by 7129?
58
What is the remainder when 4200785 is divided by 171?
170
What is the remainder when 1052 is divided by 245?
72
What is the remainder when 239807 is divided by 64?
63
What is the remainder when 70241 is divided by 431?
419
Calculate the remainder when 2046287 is divided by 178.
177
Calculate the remainder when 3214403 is divided by 36.
35
Calculate the remainder when 2232 is divided by 105.
27
What is the remainder when 7627 is divided by 3803?
21
Calculate the remainder when 646895 is divided by 303.
293
What is the remainder when 5998 is divided by 1130?
348
Calculate the remainder when 6252 is divided by 2080.
12
Calculate the remainder when 3710 is divided by 46.
30
What is the remainder when 127724 is divided by 747?
734
Calculate the remainder when 2094 is divided by 506.
70
Calculate the remainder when 9939 is divided by 4937.
65
Calculate the remainder when 2823 is divided by 2817.
6
What is the remainder when 126834 is divided by 171?
123
Calculate the remainder when 483783 is divided by 153.
150
What is the remainder when 2695 is divided by 1333?
29
Calculate the remainder when 1560 is divided by 384.
24
Calculate the remainder when 258277 is divided by 99.
85
What is the remainder when 10479 is divided by 630?
399
What is the remainder when 1932 is divided by 26?
8
Calculate the remainder when 2759 is divided by 604.
343
What is the remainder when 4448 is divided by 155?
108
What is the remainder when 2113 is divided by 269?
230
Calculate the remainder when 7129 is divided by 170.
159
What is the remainder when 86342 is divided by 550?
542
Calculate the remainder when 1314 is divided by 43.
24
What is the remainder when 5180 is divided by 72?
68
Calculate the remainder when 66464 is divided by 326.
286
What is the remainder when 15232 is divided by 726?
712
Calculate the remainder when 1481 is divided by 57.
56
What is the remainder when 46741 is divided by 441?
436
What is the remainder when 1129 is divided by 253?
117
Calculate the remainder when 47806 is divided by 24.
22
Calculate the remainder when 2209 is divided by 214.
69
Calculate the remainder when 13849 is divided by 869.
814
What is the remainder when 205094 is divided by 339?
338
What is the remainder when 162049 is divided by 58?
55
Calculate the remainder when 102793 is divided by 124.
121
Calculate the remainder when 8683 is divided by 8.
3
Calculate the remainder when 95557 is divided by 47.
6
Calculate the remainder when 16343 is divided by 385.
173
Calculate the remainder when 59621 is divided by 94.
25
Calculate the remainder when 13558 is divided by 13551.
7
What is the remainder when 229904 is divided by 278?
276
Calculate the remainder when 5777 is divided by 646.
609
Calculate the remainder when 10155 is divided by 60.
15
Calculate the remainder when 57227 is divided by 2488.
3
Calculate the remainder when 37530 is divided by 34.
28
What is the remainder when 281955 is divided by 13?
11
What is the remainder when 2615 is divided by 293?
271
What is t